pose u - 3*h - 3 = p, -h + 62 = 5*u + 15. Suppose 9*k - 18 = u. What is the units digit of k?
3
Suppose 4*g + 242815 = 5*f, 0 = -3*g + 692 - 677. What is the hundreds digit of f?
5
Let d(o) = -o**2 - 23*o + 29. Let f = 189 + -203. What is the hundreds digit of d(f)?
1
What is the thousands digit of (-2 - 4098)/((-40)/600)?
1
Let g(q) = -9*q + 5. Let j(h) = -4*h + 2. Let m(y) = -3*g(y) + 7*j(y). Let z be m(1). Let w(a) = -12*a**3 + a**2 - 5*a - 5. What is the units digit of w(z)?
5
Let l = 1 - -2. Suppose -3*u + 6*u = l. What is the units digit of ((u + -5)*14)/(-2)?
8
Suppose 2*z = -12*z + 84. Let l(x) = 96*x - 136. What is the tens digit of l(z)?
4
Let u(i) = -26*i - 30. Let n be u(-9). Suppose -h = 4*s - n - 190, -4*h + 4*s = -1576. What is the tens digit of h?
9
Let k = 1272 - 853. Let h = -194 + k. Suppose 5*x - h = p, -75 = -5*x + 2*p + 155. What is the units digit of x?
4
Suppose -2*a + 14 = 2*r, -2*a = -9 + 3. What is the units digit of 2/((-2)/r*-4)*56?
6
Suppose -3*t - 3*b + 8841 = 0, -3*b + 5900 = 19*t - 17*t. What is the tens digit of t?
4
Let n be 3 + (4/(-2) - -1). Let w(t) = t**2 + 13*t + 42. Let u be w(-7). Suppose -5*k = -y + 155, -n*y - 2*y + 2*k + 602 = u. What is the hundreds digit of y?
1
Suppose 2*v = -2*n + 3*v + 295, -3*n + 426 = 4*v. Let k = n - -224. What is the hundreds digit of k?
3
Suppose 18*m + 5*r = 15*m + 39243, 0 = 4*m - 2*r - 52272. What is the units digit of m?
1
Let o = 3761 + -2205. What is the tens digit of o?
5
Let g = 33578 - 20119. What is the ten thousands digit of g?
1
Let x(j) = -j**3 + 24*j**2 - 95*j + 14. Let n be x(4). Suppose l - 6*l + 20 = 0, -5*w = 4*l + 194. Let u = w - n. What is the units digit of u?
4
Let b(r) = 776*r**3 + 9*r**2 - 2*r + 2. Let m be b(2). Suppose -9*o + 499 = -m. What is the hundreds digit of o?
7
Let h be (-4 - -2)*(-2)/(-4). Suppose -8*t = -3*t - 25, 290 = 3*a - 2*t. What is the units digit of a + (-3)/(h/(-1))?
7
Let y(s) = -3*s**3 + 9*s**2 + 121*s + 1354. What is the thousands digit of y(-15)?
1
Suppose 0 = 25*z - 110646 - 72654. What is the tens digit of z?
3
Suppose -6*i - 78 + 96 = 0. Suppose i*m = 6*m - 3342. What is the tens digit of m?
1
Let y(b) = 6*b + 4051. What is the units digit of y(-38)?
3
Let u = -157 - 32. Let y = -347 - u. What is the tens digit of (3/(-6)*y)/1?
7
Suppose 22*o = 15*o + 13468. Suppose -4*h + 352 = -o. What is the hundreds digit of h?
5
Suppose -9710 = -6*v + 5*a, 6*v = 4*v + a + 3238. What is the thousands digit of v?
1
Let k be (-36)/(-21) - ((-36)/(-21) + -2). Suppose t - 11 = -k*t + m, -5*t + 25 = -5*m. What is the tens digit of t*1*(-512)/(-48)?
3
Let n(z) = -z**3 - 18*z**2 + 30*z + 49. Let b(c) = 2*c**3 - 20*c**2 - 18*c - 66. Let x be b(11). What is the hundreds digit of n(x)?
3
Let j = -40 + 2. Let y = 32 + j. What is the units digit of 332/y*(-72)/48?
3
Let u(p) = 3*p - 15. Let j be u(4). What is the units digit of (-4 - -3)/((3/245)/j)?
5
Suppose -16 = 4*p, -153*s + 158*s - 63768 = 2*p. What is the units digit of s?
2
Let n(h) = 107*h + 2. Let c(k) = 52*k + 1. Let m(v) = 13*c(v) - 6*n(v). Let b be 3/(-6)*(-3 + 1). What is the tens digit of m(b)?
3
Let k be (-10 - -3)/(-4 - (1 + -4)). Suppose k + 57 = 8*o. Suppose 4*f = -i + o + 755, -5*i = 5. What is the tens digit of f?
9
Let j = 33 - 30. Suppose -j*c = 5*a - 1975, 2*c + 851 + 729 = 4*a. What is the hundreds digit of a?
3
Suppose -o - 2*o = 3*q - 14469, -4*q + 2*o + 19298 = 0. Suppose q = -164*g + 167*g. What is the tens digit of g?
0
Let a be (-2)/(-6*1) + (-4806)/81. Let k = 55 - a. What is the units digit of k?
4
Let d(r) = 1215*r + 2555. What is the tens digit of d(20)?
5
Suppose 0 = -2*s - 2*s - 3*z - 7, -1 = -3*s - z. Suppose -o = -2*o + s. Suppose -288 = o*d - 8*d. What is the tens digit of d?
4
Let a(g) = 20*g**2 + 67*g - 328. What is the units digit of a(-22)?
8
Suppose -148200 = -4*u - c, -111152 = -3*u - 26*c + 25*c. What is the hundreds digit of u?
0
Let c = -166 + 51979. What is the tens digit of c?
1
Let w = 100 + -99. What is the tens digit of (305 + (7 - 14))*(2 - w)?
9
Let x(s) be the third derivative of -25/12*s**4 + 21*s**2 + 1/6*s**3 + 0 + 0*s. What is the units digit of x(-1)?
1
Let q(h) = 1062*h**3 - 7*h**2 - 67*h + 227. What is the units digit of q(3)?
7
Suppose -2*n + 272 = 2*g, 212 = 3*g + 4*n - 201. Let r = -21 + g. Suppose -3*k = -4*b - k + 410, b + k = r. What is the units digit of b?
5
Suppose 18*v - 13*v + 28437 = 4*o, -2*o = -v - 14211. What is the tens digit of o?
0
Suppose -2*r + 4*u = -5254, 0 = -15*r + 14*r + u + 2630. What is the hundreds digit of r?
6
Suppose h + 3*y - 789 = 6*y, 4*h - 3156 = 2*y. Let s = h - 365. What is the hundreds digit of s?
4
Suppose 0 = -3*f - 428 - 187. Let l = 1074 - 1199. Let o = l - f. What is the units digit of o?
0
Suppose -87*x - 1226086 = 130*x - 7113296. What is the tens digit of x?
3
Let v(x) = 43*x**3 - 4*x**2 - 5*x. Let p be ((-10)/(-6))/(60/108). What is the units digit of v(p)?
0
Let m(y) = y**2 + 12*y + 14. Let v be m(-15). Suppose 56*l + 1095 = v*l. What is the tens digit of l?
6
Let a be 8*10/40*(1 + 9). Suppose 8*h - a*h = -2124. What is the units digit of h?
7
Let a(h) be the first derivative of 572*h**3/3 + 4*h**2 - 7*h - 109. What is the units digit of a(1)?
3
Let s(q) = 3*q**2 - 6*q - 61. Let x be s(6). Let t = -241 + 461. Suppose x*u = 9*u + t. What is the hundreds digit of u?
1
Let u = -55 + 71. Suppose u*v - 13 = 15*v. Suppose 11*o - v*o = -116. What is the units digit of o?
8
Let y be ((-135)/20 + 7)*0. What is the units digit of (364 + 2)/(1 + y)?
6
Suppose 0 = -14*p + 11*p + 22282 + 1148. What is the tens digit of p?
1
Let p = -21 + 48. Let t = 32 - p. Suppose -2*n - 4*k = -62, 2*k = -t*n + 36 + 79. What is the tens digit of n?
2
Suppose 391*v - 377*v - 86072 = 0. What is the tens digit of v?
4
Suppose t + 10 = 20. Let s be ((-4)/2 - -1377)*4/t. Suppose 2*i = -0*i + s. What is the tens digit of i?
7
What is the units digit of 56/364 - 58394/(-13)?
2
Suppose 0 = 42*f - 38*f + 2*l - 123458, f - 30875 = l. What is the hundreds digit of f?
8
What is the units digit of (8368/(-16))/(2/(-30))?
5
Suppose -4 = -186*j + 185*j. What is the tens digit of ((-3)/j)/((-8)/12096)?
3
Let f(y) = y**3 + 11*y**2 + 19*y + 17. Let p be f(-9). Suppose -v = p*v. Suppose v = s + 4*s - 15. What is the units digit of s?
3
Let d(o) = 2*o - 17. Let z be d(4). Let b(n) = -2*n - 47. Let p(g) = -g - 24. Let r(i) = z*p(i) + 4*b(i). What is the tens digit of r(21)?
4
Let a = -341 - -596. Suppose x - a = -2*x. Suppose 3*j - x = -2*j. What is the units digit of j?
7
Suppose -1380 = -2*x + x. Suppose -x = -4*y - 5*o + 1620, 0 = 4*y - 5*o - 2960. What is the units digit of y?
5
Let j be (15 + 0)*(-9)/5. Let r be ((-3)/(j/(-6)))/((-22)/1221). Suppose 716 = r*o - 33*o. What is the hundreds digit of o?
1
Suppose 483931 = -25*r + 520482 + 912324. What is the ten thousands digit of r?
3
Let f(j) = 5*j**2 + 62*j - 434. What is the units digit of f(56)?
8
Suppose 5*i + 87075 - 210277 = -4*u, 30 = -5*i. What is the thousands digit of u?
0
Let a(n) = 5*n**3 - n**2 + 2*n - 2. Let y be a(1). Suppose 634 = -6*j + 8*j - y*t, 5*j + 4*t = 1655. What is the hundreds digit of j?
3
Let z be ((3 - 3)/5)/3. Suppose z = 3*y - 4*h - 807, 55*y - 5*h = 58*y - 834. What is the units digit of y?
3
Let s = 259 - 256. What is the units digit of 75194/131 - s/((-3)/2)?
6
Let p(f) = -2*f**2 - f + 2. Let j be p(1). What is the units digit of j*(232/(-10))/(1/5)?
6
Suppose 2*l + 1464 = -4*s + 4516, 0 = 5*s + l - 3821. Suppose -r + c + 307 = 0, -5*r + 3*c + 766 = -s. What is the hundreds digit of r?
3
Suppose 4*c + 19*h - 93298 = 20*h, 46650 = 2*c - h. What is the units digit of c?
4
Let h(x) = 4*x**3 - 2*x**3 - 6*x**3 + 3*x + 7*x**3 - 4*x**2. Let q be h(2). Let f = 100 - q. What is the units digit of f?
6
Let m(w) = 2*w**2 + 3*w + 54 - 40 + 0*w**2 + 10*w. Let o be m(-15). Let a = o - 181. What is the tens digit of a?
8
Suppose 2*v = -2*x + 121258, -4*v + 3*x + 99540 + 143004 = 0. What is the ten thousands digit of v?
6
Let s(l) = -4*l**3 + 226*l**2 - 81*l - 13. What is the units digit of s(54)?
3
Let b(r) = 1303*r - 7593. What is the hundreds digit of b(6)?
2
Let d = 39529 + -16683. What is the ten thousands digit of d?
2
Suppose 11556 - 1796 = 8*f. Suppo